q(y) + r(y). Determine a(2).
-8
Let v(n) be the first derivative of -n**5/20 - n**4/2 + 4*n**3/3 + 3*n**2 - 212*n + 109. Let w(q) be the first derivative of v(q). Determine w(-7).
-1
Let c(q) = -q**3 - 9*q**2 + 10*q - 11. Suppose 13*n = -15*n - 308. Let l = n - -1. Calculate c(l).
-11
Let l(f) = -f - 21. Suppose -3*c + 17 = -2*v, 3*v + 3 = 2*c - 10. Suppose 6 = 3*z, -b + 50 = -6*b + c*z. Give l(b).
-13
Let y(t) = -2*t**2 - 23*t - 77. Let h be y(-15). Let x be ((-3)/2)/(39/h). Let m(z) be the second derivative of -z**4/12 + 4*z**3/3 + z**2 + 10*z. Give m(x).
9
Let x(l) = -2*l**2 - 52*l - 262. Let p be x(-19). Let n(f) = 2*f - 25. What is n(p)?
-17
Let k(t) = -t**3 + 2*t**2. Let d be k(2). Let l(b) = d*b - 2 + 0 + 4*b + b**2. Suppose -4*c - 134 + 110 = 0. Calculate l(c).
10
Let h(x) = 30 - 11 - 8 + 12 + 12*x - 8. Give h(0).
15
Let y be (42/36)/((-1)/(-6)). Let v(l) = -2*l**3 + 7*l**2 + 12*l + 1. Let g(b) = 3*b**3 - 10*b**2 - 18*b - 2. Let a(k) = 5*g(k) + 8*v(k). Calculate a(y).
-9
Suppose -30 = -2*l - 5*q, -5*l - 2*q = -3*l - 18. Suppose -6*a = l*a + 99. Let o(t) = t**3 + 8*t**2 - 12*t - 12. Give o(a).
15
Suppose 2*v + 5 = 11. Let m(q) = q**2 - 5 - q**v - 6 + 0. Suppose 0 = -2*t + 5*b - 35, 17*b - 20*b + 21 = 0. What is m(t)?
-11
Let o(w) = -3*w + 4. Let p(x) = 9*x - 11. Let g(q) = -17*o(q) - 6*p(q). Let j = 1177 + -2022. Let l = j + 848. Give g(l).
-11
Let x(v) = v**2 - 9*v - 6. Suppose u + 3*m + 1 = 6, 3*u = -5*m + 27. Suppose 12*w + u = 2. Let f be 11 - ((-2)/w)/2. Give x(f).
4
Let t(n) be the second derivative of -n**4/4 + n**3/2 - 17*n**2/2 + 2359*n. Give t(3).
-35
Let d(m) be the second derivative of m**5/20 + 5*m**4/12 + m**3/3 - m**2/2 + 2*m. Let g be 3/18 - ((-95)/6 - 2). Let f be (-14)/35 + g/(-5). Determine d(f).
7
Let a(v) = -75*v**2 + 4*v + 25. Let h(p) = -23*p**2 + p + 8. Let n(f) = 4*a(f) - 13*h(f). What is n(6)?
-22
Let i(y) be the second derivative of -y**4/12 - 7*y**3/6 - y**2 + 3*y. Let a be i(-6). Let l(h) = 0*h + h + h**3 - 2 - h**2 + 2*h**2 - a*h**2. What is l(2)?
-4
Let q(f) = 18590829*f - 32 - 18590826*f + 2. What is q(2)?
-24
Let s be (-18)/(-14) - -3 - (-26)/(-91). Let u(h) = 7 - 4 - 7 + s*h - 2. Determine u(7).
22
Suppose 475*v - 469*v - 12 = 0. Let o(c) = 212*c + c**3 - 429*c - 14*c**v - 18 + 203*c. Calculate o(15).
-3
Let p(d) = d**2 - 82*d - 813. Let w be p(-9). Let n(t) be the third derivative of t**4/12 - 7*t**3/6 + t**2. Determine n(w).
5
Suppose -3*a + 24 = i, -2*a - 3*i + i + 12 = 0. Suppose 0 = 11*t - 8*t - a. Let q(m) = -15*m - 5*m**2 + 2*m**2 + 17*m - 1 + m**t. Calculate q(3).
5
Let p(r) be the second derivative of r**4/6 + 5*r. Let y be p(-2). Let q(g) = -y*g + g - 7*g + 8*g. Calculate q(2).
-12
Let f = -6 - -25. Suppose 8*l = -f + 3. Let q be (-1 + -3 + l)*1. Let h(j) = j + 2. What is h(q)?
-4
Suppose 47*n + 144 = 7*n - 56. Let w(u) = 2*u**3 + 11*u**2 + 8*u + 5. Give w(n).
-10
Let t(c) = 105 - 4*c**2 - 6*c + 3*c**2 + 18*c - 117. Let l = -30 - -63. Suppose 0 = -2*p + 5*p - l. Determine t(p).
-1
Let u(o) be the first derivative of -2*o - 45 + 3/2*o**2 + 2/3*o**3. Give u(-3).
7
Let p(c) = 296 - 34*c - 357*c**2 + 180*c**2 + 178*c**2. Determine p(16).
8
Let c(y) be the first derivative of 1/4*y**4 - 10/3*y**3 + 1/2*y**2 - 146 + y. Calculate c(10).
11
Let r = 268 - 259. Let n(b) = b**3 - 8*b + 16 + 12 - 40 - 7*b**2 + r. What is n(8)?
-3
Suppose 5*t + 3*z + 425 + 248 = 0, -4*z = -4*t - 532. Let m = t + 137. Let v(p) = -6*p + 4*p + p. Give v(m).
-3
Let q(w) = 5*w**2 + 8*w + 3. Let t(o) = 12*o**2 + 17*o + 6. Let u(b) = -5*q(b) + 2*t(b). Suppose h = -h - 54. Let d = h + 21. What is u(d)?
-3
Let g(t) = t**2 - 73*t - 64. Let y be g(74). Let j(p) = p**3 - 11*p**2 + 9*p - 4. Calculate j(y).
-14
Let k = 3 - 7. Let s(n) be the third derivative of -n**5/60 - n**4/8 + 2*n**3/3 - 36*n**2 + 68. Give s(k).
0
Let j(k) = 13*k**2 + 2*k + 1. Let n be -2 + 8 + (-4 - -6). Let d be n/4*8/(-4) - -9. Let m(r) = -13*r**2 - 2*r - 1. Let i(h) = d*m(h) + 4*j(h). Give i(-1).
-12
Let f = -3014 - -3018. Let l(v) = -v**3 + 5*v**2 - 6*v - 8. Give l(f).
-16
Let y(p) = -p**2 + 10*p - 7. Let h = -249 + 251. Suppose -14*n + 12*n - 20 = -h*l, -4*n - 34 = -3*l. Calculate y(l).
17
Let a(l) be the second derivative of l**5/20 + l**4/2 - 2*l**3/3 + 5*l**2/2 - 7*l - 252. Give a(-8).
-91
Let b(m) = -63*m**3 + 2*m**2 - 1. Let s(n) = -n**3 - 17*n**2 - 67*n + 46. Let t be s(-9). Determine b(t).
-62
Let y(p) be the second derivative of p**5/20 + p**4/3 + p**3 + 2*p**2 + 7850*p. Determine y(-2).
0
Let q be (3/2)/((-6)/(-8)). Suppose 2 = q*a - 2. Let s(j) be the third derivative of -j**4/24 + j**3/6 - j**2 + 374. Calculate s(a).
-1
Let h(m) = m + 19. Let p = -1755 - -1740. Calculate h(p).
4
Let r(k) = -5*k. Let y be 18/8 - (264/32 + -8). Suppose y*c + 2*w - 33 = -3*c, c - 4*w = -11. Give r(c).
-25
Suppose -250 = -7*v + 65. Let z(m) = -20*m**2 - 6 + 32*m**2 - 14*m + 46*m**3 - v*m**3. What is z(-13)?
7
Let n(o) be the second derivative of -11/2*o**2 - 1/2*o**4 + 1/60*o**5 + 0 + 2/3*o**3 + 27*o. Let i(l) be the first derivative of n(l). What is i(10)?
-16
Let a(w) = 6*w**3 - 21*w**2 + 5*w + 8. Let c(b) = -7*b**3 + 23*b**2 - 6*b - 9. Let j(h) = -9*a(h) - 8*c(h). Give j(-3).
-18
Let i be (708/18)/((-4)/(-6)). Let g = i + -59. Let d(b) = -b**3 - b**2 + 11. Calculate d(g).
11
Let k(m) = -m**2 + 15*m + 19. Let a be (4592/246)/(35/30). Determine k(a).
3
Let n be (-34)/(-1496)*-121*4. Let v(z) = z - 1. Let s(j) = 12. Let u(p) = s(p) + v(p). Determine u(n).
0
Let i(o) be the second derivative of 1/12*o**4 - 2*o + 0*o**2 - 1/3*o**3 + 0. Let v be (4 - 6) + 0/231. What is i(v)?
8
Let g(d) = -9*d**3 - 6*d**2 - 5*d - 5. Let o(u) = -2*u**3 - u**2 - u. Let z(r) = -g(r) + 5*o(r). Determine z(2).
1
Let l = -172 - -210. Suppose 0 = -3*y - 5*q - l, 0 = 10*y - 8*y - 4*q - 4. Let x(r) be the second derivative of r**3/6 + r**2 - r. Determine x(y).
-4
Let v(a) be the third derivative of -a**6/120 - a**5/6 - 11*a**4/24 - a**3 - a**2 + 5*a + 143. What is v(-9)?
12
Let y(q) be the third derivative of q**5/6 - q**4/12 + q**3/6 - 7*q**2. Let w be -23*25/(-1725)*(-54)/(-2) - 8. Give y(w).
9
Let z(l) be the second derivative of l**3/2 - 5*l**2/2 + l. Let k = -169 + 166. Let d be 3*(k + 4)*2. Give z(d).
13
Let k(d) = -7*d**3 - 7*d**2 - 24*d - 18. Let v(t) = -33*t**3 - 35*t**2 - 114*t - 91. Let f(z) = 14*k(z) - 3*v(z). What is f(-7)?
-21
Let p(x) = x + 10 - 10 - 5*x - 16*x + 4. Give p(3).
-56
Suppose 156*z = 130*z + 598. Let a(v) = -3*v - z - 27 + 21. Give a(-10).
1
Let q = -16 - -20. Let n be (10/q + -3)/((-1)/2). Let y(f) = f**2 - 30*f + n - 30*f + 59*f. Determine y(-2).
7
Let i(n) = 13*n**3 - 22*n**2 + 28. Let x(y) = 2*y**3 + 6. Let d(g) = i(g) - 6*x(g). What is d(22)?
-8
Let q(x) = -42*x + 16*x - 8 + 13*x + 16*x. Let b be q(3). Let r(d) = -7*d + 1. What is r(b)?
-6
Let b(v) = -5*v + 1. Let q = -69 - -72. Let f(l) = -q - 2 + 4*l + 5 - l**2 + 3. Let r be f(4). Calculate b(r).
-14
Let q(b) = b + 33. Let a be q(-29). Let w(y) = 8*y - 3 + 0 - 5*y - a*y. Calculate w(3).
-6
Suppose -2*p = -2*n - 6, 4*p + p - 14 = 4*n. Let b(m) = 6*m**2 - 3*m**p - 4*m**2 + 2*m**2. Let k(g) = g**3 - g**2. Let c(y) = b(y) - k(y). Determine c(2).
0
Let j(u) = -u**3 + 5*u**2 - 2*u + 4. Let x(m) = m + 4. Let s be x(0). Suppose n - 5*z = -3, 0 = -s*n - 0*z - 5*z + 63. Suppose -5*b = -8*b + n. Give j(b).
12
Let s(v) = 3*v + 9. Suppose -f - 11 + 71 = -2*n, 2*n = 2*f - 64. Let w = n + 37. Suppose -w*j - 21 = 33. Calculate s(j).
-9
Let r(h) = h**2 - 13*h + 39. Let x(q) = q**3 - 3*q**2 - 34*q + 50. Let i be x(7). Calculate r(i).
-1
Let o be 2/6*-1 + 75920/(-624) + 119. Suppose s + s = 0. Let b(u) = u**2 + 1 + u - 3 + s*u**2. Give b(o).
4
Let r(l) be the second derivative of -12 - 7/2*l**2 + l - 11/6*l**3 - 5/6*l**4 - 1/20*l**5. Calculate r(-9).
11
Let g(m) = -m**3 + 11*m**2 - 11*m - 1. Suppose 2*z - c - 876 = -213, 5*z + 4*c = 1677. Let i = z + -323. Give g(i).
-11
Let w(l) = -l**3 + 4*l**2 + 2*l + 5. Suppose -3*q + 16 = 13. Let n be 4/10 - ((-6)/10 + q). Suppose 8*h - 9*h + 4 = n. What is w(h)?
13
Let p = 688 - 1009. Let x = 326 + p. Let t(c) = -3*c + 10. Calculate t(x).
-5
Let w(t) = -5*t**2 - 1. Let q be 102/(4*(-3)/(-6) - 1). Suppose -21 = -3*r - q. Let v be -1 - ((-6)/r + (-2)/9). What is w(v)?
-6
Let g(n) = 23*n**2 